{"id":982,"date":"2024-10-01T18:18:08","date_gmt":"2024-10-01T16:18:08","guid":{"rendered":"https:\/\/fredericmaupome.fr\/?page_id=982"},"modified":"2024-10-01T18:18:08","modified_gmt":"2024-10-01T16:18:08","slug":"formations","status":"publish","type":"page","link":"https:\/\/fredericmaupome.fr\/?page_id=982","title":{"rendered":"Formations"},"content":{"rendered":"<p>Je fais r\u00e9guli\u00e8rement des formations \u00e0 destination des professionnels (auteurs, \u00e9diteurs, m\u00e9diath\u00e9caires) ou des futurs professionnels sur l\u2019entr\u00e9e dans le m\u00e9tier d\u2019auteur, le r\u00e9gime fiscal et social des artistes auteurs et autrices, le contrat d&rsquo;\u00e9dition et sa n\u00e9gociation.<\/p>\n<p>J\u2019ai fait \u00e9galement de nombreuses tables rondes et formations sur le sujet des IA g\u00e9n\u00e9ratives et leur impact sur les artistes auteurs et autrices. Vous trouverez ci dessous quelques articles que j&rsquo;ai r\u00e9dig\u00e9 sur le sujet avec St\u00e9phanie Lecam.<\/p>\n<p>\u00ab Images et textes g\u00e9n\u00e9r\u00e9s par l\u2019IA \u00e0 l\u2019\u00e9preuve des r\u00e8gles fiscales et sociales \u00bb (Dalloz)<br \/>\n\u00ab IA g\u00e9n\u00e9ratives de contenus : pour une obligation de transparence des bases de donn\u00e9es \u00bb (Dalloz)<br \/>\n\u00ab Argumentaire pour une meilleure r\u00e9gulation des IA \u00bb<br \/>\n\u00ab Recommandations de la ligue sur l\u2019intelligence artificielle \u00bb<\/p>\n","protected":false},"excerpt":{"rendered":"<p>Je fais r\u00e9guli\u00e8rement des formations \u00e0 destination des professionnels (auteurs, \u00e9diteurs, m\u00e9diath\u00e9caires) ou des futurs professionnels sur l\u2019entr\u00e9e dans le m\u00e9tier d\u2019auteur, le r\u00e9gime fiscal et social des artistes auteurs et autrices, le contrat d&rsquo;\u00e9dition et sa n\u00e9gociation. J\u2019ai fait \u00e9galement de nombreuses tables rondes et formations sur le sujet des IA g\u00e9n\u00e9ratives et leur [&hellip;]<\/p>\n","protected":false},"author":1,"featured_media":0,"parent":0,"menu_order":0,"comment_status":"closed","ping_status":"closed","template":"","meta":{"footnotes":""},"class_list":["post-982","page","type-page","status-publish","hentry","post"],"_links":{"self":[{"href":"https:\/\/fredericmaupome.fr\/index.php?rest_route=\/wp\/v2\/pages\/982","targetHints":{"allow":["GET"]}}],"collection":[{"href":"https:\/\/fredericmaupome.fr\/index.php?rest_route=\/wp\/v2\/pages"}],"about":[{"href":"https:\/\/fredericmaupome.fr\/index.php?rest_route=\/wp\/v2\/types\/page"}],"author":[{"embeddable":true,"href":"https:\/\/fredericmaupome.fr\/index.php?rest_route=\/wp\/v2\/users\/1"}],"replies":[{"embeddable":true,"href":"https:\/\/fredericmaupome.fr\/index.php?rest_route=%2Fwp%2Fv2%2Fcomments&post=982"}],"version-history":[{"count":0,"href":"https:\/\/fredericmaupome.fr\/index.php?rest_route=\/wp\/v2\/pages\/982\/revisions"}],"wp:attachment":[{"href":"https:\/\/fredericmaupome.fr\/index.php?rest_route=%2Fwp%2Fv2%2Fmedia&parent=982"}],"curies":[{"name":"wp","href":"https:\/\/api.w.org\/{rel}","templated":true}]}}