{"id":929,"date":"2024-03-05T11:22:59","date_gmt":"2024-03-05T10:22:59","guid":{"rendered":"https:\/\/fredericmaupome.fr\/?page_id=929"},"modified":"2024-03-05T11:22:59","modified_gmt":"2024-03-05T10:22:59","slug":"supers-cycle-2-tome-1-revolutions","status":"publish","type":"page","link":"https:\/\/fredericmaupome.fr\/?page_id=929","title":{"rendered":"Supers Cycle 2 tome 1 : (R)\u00e9volutions"},"content":{"rendered":"<div id=\"pl-929\"  class=\"panel-layout\" ><div id=\"pg-929-0\"  class=\"panel-grid panel-no-style\" ><div id=\"pgc-929-0-0\"  class=\"panel-grid-cell\" ><div id=\"panel-929-0-0-0\" class=\"so-panel widget widget_sow-editor panel-first-child panel-last-child\" data-index=\"0\" ><div\n\t\t\t\n\t\t\tclass=\"so-widget-sow-editor so-widget-sow-editor-base\"\n\t\t\t\n\t\t>\n<div class=\"siteorigin-widget-tinymce textwidget\">\n\t<div class=\"wpb_text_column wpb_content_element \">\n<div class=\"wpb_wrapper\">\n<p>&nbsp;<\/p>\n<\/div>\n<\/div>\n<div class=\"wpb_text_column wpb_content_element \">\n<div class=\"wpb_wrapper\">\n<p><strong><img loading=\"lazy\" decoding=\"async\" class=\"alignleft\" src=\"https:\/\/assets-global.website-files.com\/63ece03295abd3bc7702ae5f\/641c1e2f74e0973b18ff08ee_Supers1_Cycle2_couv_CMJN.webp\" alt=\"Supers Cycle 2 - 01\" width=\"267\" height=\"363\" \/>Sc\u00e9nariste : <a href=\"http:\/\/editionsdelagouttiere.com\/frederic-maupome\/\">Fr\u00e9d\u00e9ric Maupom\u00e9<\/a><\/strong><br \/>\n<strong>Dessinateur :<\/strong>\u00a0<strong><a href=\"http:\/\/editionsdelagouttiere.com\/dawid\/\">\u00a0Dawid<\/a><\/strong><strong><br \/>\n<\/strong><\/p>\n<\/div>\n<\/div>\n<hr class=\"vcex-spacing \" \/>\n<div class=\"wpb_text_column wpb_content_element \">\n<div class=\"wpb_wrapper\">\n<p>Cinq ann\u00e9es se sont \u00e9coul\u00e9es, les Supers ont grandi. En d\u00e9pit de leur plus grande exp\u00e9rience et de leur maturit\u00e9 nouvelle, ils continuent \u00e0 faire face \u00e0 leurs incertitudes et tentent de se construire en tant qu\u2019individus dans une soci\u00e9t\u00e9 en proie aux conflits et \u00e0 la remise en question des choix gouvernementaux.<\/p>\n<p>Chacun de leur c\u00f4t\u00e9, ils se forgent une opinion propre et font de leur mieux pour agir selon leurs valeurs.<\/p>\n<\/div>\n<\/div>\n<\/div>\n<\/div><\/div><\/div><div id=\"pgc-929-0-1\"  class=\"panel-grid-cell\" ><div id=\"panel-929-0-1-0\" class=\"so-panel widget widget_sow-editor panel-first-child panel-last-child\" data-index=\"1\" ><div\n\t\t\t\n\t\t\tclass=\"so-widget-sow-editor so-widget-sow-editor-base\"\n\t\t\t\n\t\t>\n<div class=\"siteorigin-widget-tinymce textwidget\">\n\t<p>\"on reste attach\u00e9 \u00e0 cette bande de Supers pas comme les autres, et au ton singulier d\u2019une saga qui sait prendre son temps pour mieux d\u00e9velopper son propos.\" <strong>Telerama<\/strong><\/p>\n<p>\u00ab Dawid accompagne ce nouveau cycle (a priori pr\u00e9vu en 4 tomes) d\u2019un dessin encore plus abouti qu\u2019avant, notamment au niveau des d\u00e9cors. Avec un travail subtil sur la couleur et la lumi\u00e8re, les arri\u00e8res plans sont r\u00e9guli\u00e8rement enrichis de d\u00e9tails qui nous assoient dans notre r\u00e9alit\u00e9, quand bien m\u00eame l\u2019ambiance est cr\u00e9pusculaire, en accord avec la tonalit\u00e9 de notre \u00e9poque. Bref,\u00a0<i>Supers<\/i>, c\u2019est toujours super.\u00bb <strong>Planete BD<\/strong><\/p>\n<p>\"Le premier cycle \u00e9tait vraiment <strong>SUPER<\/strong> (elle est facile), mais j\u2019avoue que le second m\u2019intrigue plus et j\u2019ai h\u00e2te de voir nos personnages et cette histoire \u00e9voluer. Un passage \u00e0 l\u2019\u00e2ge adulte extr\u00eamement bien r\u00e9ussi pour cette merveilleuse s\u00e9rie.\" <strong>Comix Trip<\/strong><\/p>\n<p>\u00ab En bref, j'ai ador\u00e9 retrouver Lili et Mat, l'alternance de point de vue est tr\u00e8s bien faite et nous tient en haleine du d\u00e9but \u00e0 la fin. Les \u00e9v\u00e9nements s'enchainent, ils ont tous les deux des combats \u00e0 mener, des explications \u00e0 \u00e9claircir et j'ai ador\u00e9 les voir se battre pour ce qui compte pour eux. Ils vont parfois \u00eatre d\u00e9\u00e7us mais rebondir ensuite et j'ai appr\u00e9ci\u00e9 de les voir interagir avec d'autres. Le final est intense et il me tarde de retrouver tout ce petit monde !!\u00bb <strong>Les lectures de Myl\u00e8ne\u00a0<\/strong><\/p>\n<p>\"Fr\u00e9d\u00e9ric Maupom\u00e9 et Dawid nous parlent de leur s\u00e9rie \u00e0 succ\u00e8s : Supers\" <a href=\"https:\/\/zoolemag.com\/actualites\/interviews\/2021\/10\/473-frederic-maupome-et-dawid-nous-parlent-de-leur-serie-a-succes-supers\"><strong>Zoo le mag<\/strong><\/a><\/p>\n<p>&nbsp;<\/p>\n<\/div>\n<\/div><\/div><\/div><\/div><\/div>","protected":false},"excerpt":{"rendered":"<p>&nbsp; Sc\u00e9nariste : Fr\u00e9d\u00e9ric Maupom\u00e9 Dessinateur :\u00a0\u00a0Dawid Cinq ann\u00e9es se sont \u00e9coul\u00e9es, les Supers ont grandi. En d\u00e9pit de leur plus grande exp\u00e9rience et de leur maturit\u00e9 nouvelle, ils continuent \u00e0 faire face \u00e0 leurs incertitudes et tentent de se construire en tant qu\u2019individus dans une soci\u00e9t\u00e9 en proie aux conflits et \u00e0 la remise [&hellip;]<\/p>\n","protected":false},"author":1,"featured_media":0,"parent":0,"menu_order":0,"comment_status":"closed","ping_status":"closed","template":"","meta":{"footnotes":""},"class_list":["post-929","page","type-page","status-publish","hentry","post"],"_links":{"self":[{"href":"https:\/\/fredericmaupome.fr\/index.php?rest_route=\/wp\/v2\/pages\/929","targetHints":{"allow":["GET"]}}],"collection":[{"href":"https:\/\/fredericmaupome.fr\/index.php?rest_route=\/wp\/v2\/pages"}],"about":[{"href":"https:\/\/fredericmaupome.fr\/index.php?rest_route=\/wp\/v2\/types\/page"}],"author":[{"embeddable":true,"href":"https:\/\/fredericmaupome.fr\/index.php?rest_route=\/wp\/v2\/users\/1"}],"replies":[{"embeddable":true,"href":"https:\/\/fredericmaupome.fr\/index.php?rest_route=%2Fwp%2Fv2%2Fcomments&post=929"}],"version-history":[{"count":0,"href":"https:\/\/fredericmaupome.fr\/index.php?rest_route=\/wp\/v2\/pages\/929\/revisions"}],"wp:attachment":[{"href":"https:\/\/fredericmaupome.fr\/index.php?rest_route=%2Fwp%2Fv2%2Fmedia&parent=929"}],"curies":[{"name":"wp","href":"https:\/\/api.w.org\/{rel}","templated":true}]}}