{"id":924,"date":"2024-03-05T11:01:24","date_gmt":"2024-03-05T10:01:24","guid":{"rendered":"https:\/\/fredericmaupome.fr\/?page_id=924"},"modified":"2024-03-05T11:01:24","modified_gmt":"2024-03-05T10:01:24","slug":"anuki-dards-dards","status":"publish","type":"page","link":"https:\/\/fredericmaupome.fr\/?page_id=924","title":{"rendered":"Anuki : Dards dards"},"content":{"rendered":"<div id=\"pl-924\"  class=\"panel-layout\" ><div id=\"pg-924-0\"  class=\"panel-grid panel-no-style\" ><div id=\"pgc-924-0-0\"  class=\"panel-grid-cell\" ><div id=\"panel-924-0-0-0\" class=\"so-panel widget widget_sow-editor panel-first-child\" data-index=\"0\" ><div\n\t\t\t\n\t\t\tclass=\"so-widget-sow-editor so-widget-sow-editor-base\"\n\t\t\t\n\t\t>\n<div class=\"siteorigin-widget-tinymce textwidget\">\n\t<p><img loading=\"lazy\" decoding=\"async\" class=\"alignleft\" src=\"https:\/\/www.planetebd.com\/dynamicImages\/album\/cover\/large\/53\/46\/album-cover-large-53464.jpg\" alt=\"Anuki T11 : Dards-dards (0), bd chez Editions de la Goutti\u00e8re de Maupom\u00e9,  S\u00e9n\u00e9gas\" width=\"258\" height=\"348\" \/><\/p>\n<p>Bande dessin\u00e9e jeunesse, dessins de <a href=\"http:\/\/stephanessenegas.canalblog.com\/\">St\u00e9phane S\u00e9n\u00e9gas<\/a>,\u00a0<a href=\"http:\/\/editionsdelagouttiere.com\/\">\u00e9ditions de la Goutti\u00e8re<\/a>, 2011<\/p>\n<p>&nbsp;<\/p>\n<p><em>Anuki et Isha veulent passer un moment entre copains : s'asseoir sous un arbre, regarder le paysage et d\u00e9guster leur pot de miel. S'ils n'ont rien contre l'id\u00e9e de partager leur go\u00fbter avec Nuna, ils n'imaginent par \u00e0 quel point la jeune fille est gourmande...\u00a0Ni une ni deux, elle d\u00e9vore les r\u00e9serves de ses amis, avant de s'adonner \u00e0 une d\u00e9licieuse sieste digestive. Frustr\u00e9s, les deux gar\u00e7ons n'ont plus qu'un seul objectif en t\u00eate : trouver un nouveau go\u00fbter, quitte \u00e0 braver tous les dangers !<\/em><\/p>\n<p>Anuki est une bande dessin\u00e9e jeunesse sans texte que les enfants peuvent aborder seuls \u00e0 partir de 3 ans et demi. On y suit les aventures d'Anuki, un petit indien vif, d\u00e9brouillard et un peu (beaucoup ?) r\u00e2leur et on rit de ses nombreux probl\u00e8mes avec les animaux qu'il rencontre. Nous avons particuli\u00e8rement travaill\u00e9 la narration, une grande fluidit\u00e9 \u00e9tant indispensable pour ne pas perdre un tr\u00e8s jeune lecteur.<\/p>\n<\/div>\n<\/div><\/div><div id=\"panel-924-0-0-1\" class=\"so-panel widget widget_metaslider_widget panel-last-child\" data-index=\"1\" ><!-- MetaSlider 535 not found --><\/div><\/div><div id=\"pgc-924-0-1\"  class=\"panel-grid-cell\" ><div id=\"panel-924-0-1-0\" class=\"so-panel widget widget_sow-editor panel-first-child panel-last-child\" data-index=\"2\" ><div\n\t\t\t\n\t\t\tclass=\"so-widget-sow-editor so-widget-sow-editor-base\"\n\t\t\t\n\t\t>\n<div class=\"siteorigin-widget-tinymce textwidget\">\n\t<h1>Divers<\/h1>\n<p>Anuki 6 : est deuxi\u00e8me dans le top 3 des BD jeunesses de l'ann\u00e9e 2016 de comix trip<\/p>\n<h1><em>Critiques<\/em><\/h1>\n<p>\"Cette BD muette men\u00e9e tambour-battant nous embarque dans le monde des abeilles avec finesse et humour.\"\u00a0 <strong>France Inter<\/strong><\/p>\n<p>\"Il faut se pr\u00e9cipiter dare-dare chez son libraire pour d\u00e9couvrir cette nouvelle loufoquerie anukiesque qui n\u2019est pas piqu\u00e9e des abeillons !\"\u00a0<strong>Comix Trip<\/strong><\/p>\n<p>\"Un album accessible d\u00e8s l'\u00e2ge de quatre ans en autonomie, mais qui ne sera pas d\u00e9plaisant pour un lectorat un peu plus grand, voire beaucoup plus grand.\"<strong> Plan\u00e8te BD<\/strong><\/p>\n<p>\"Une aventure tr\u00e8s bien rythm\u00e9e. Recommand\u00e9.\" <strong>Sceneario.com<\/strong><\/p>\n<p>\"On ne s\u2019ennuie pas une seule seconde\"\u00a0<strong>La Ribambulle<\/strong><\/p>\n<h1><em>Ressources<\/em><\/h1>\n<p>Les \u00e9ditions de la Goutti\u00e8re ont publi\u00e9 des ressources p\u00e9dagogiques pour une grande partie de leurs ouvrages, vous les trouverez\u00a0<a href=\"http:\/\/editionsdelagouttiere.com\/enseignants.html\">ici<\/a>.<\/p>\n<p>Ces fiches p\u00e9dagogiques sont propos\u00e9es par Sophie Vasseur.<\/p>\n<\/div>\n<\/div><\/div><\/div><\/div><\/div>","protected":false},"excerpt":{"rendered":"<p>Bande dessin\u00e9e jeunesse, dessins de St\u00e9phane S\u00e9n\u00e9gas,\u00a0\u00e9ditions de la Goutti\u00e8re, 2011 &nbsp; Anuki et Isha veulent passer un moment entre copains : s&rsquo;asseoir sous un arbre, regarder le paysage et d\u00e9guster leur pot de miel. S&rsquo;ils n&rsquo;ont rien contre l&rsquo;id\u00e9e de partager leur go\u00fbter avec Nuna, ils n&rsquo;imaginent par \u00e0 quel point la jeune fille [&hellip;]<\/p>\n","protected":false},"author":1,"featured_media":0,"parent":0,"menu_order":0,"comment_status":"closed","ping_status":"closed","template":"","meta":{"footnotes":""},"class_list":["post-924","page","type-page","status-publish","hentry","post"],"_links":{"self":[{"href":"https:\/\/fredericmaupome.fr\/index.php?rest_route=\/wp\/v2\/pages\/924","targetHints":{"allow":["GET"]}}],"collection":[{"href":"https:\/\/fredericmaupome.fr\/index.php?rest_route=\/wp\/v2\/pages"}],"about":[{"href":"https:\/\/fredericmaupome.fr\/index.php?rest_route=\/wp\/v2\/types\/page"}],"author":[{"embeddable":true,"href":"https:\/\/fredericmaupome.fr\/index.php?rest_route=\/wp\/v2\/users\/1"}],"replies":[{"embeddable":true,"href":"https:\/\/fredericmaupome.fr\/index.php?rest_route=%2Fwp%2Fv2%2Fcomments&post=924"}],"version-history":[{"count":0,"href":"https:\/\/fredericmaupome.fr\/index.php?rest_route=\/wp\/v2\/pages\/924\/revisions"}],"wp:attachment":[{"href":"https:\/\/fredericmaupome.fr\/index.php?rest_route=%2Fwp%2Fv2%2Fmedia&parent=924"}],"curies":[{"name":"wp","href":"https:\/\/api.w.org\/{rel}","templated":true}]}}