{"id":883,"date":"2021-04-06T16:00:23","date_gmt":"2021-04-06T14:00:23","guid":{"rendered":"http:\/\/fredericmaupome.fr\/?page_id=883"},"modified":"2021-04-06T16:00:23","modified_gmt":"2021-04-06T14:00:23","slug":"supers-t-5-retrouvailles","status":"publish","type":"page","link":"https:\/\/fredericmaupome.fr\/?page_id=883","title":{"rendered":"Supers T.5 : Retrouvailles"},"content":{"rendered":"<div id=\"pl-883\"  class=\"panel-layout\" ><div id=\"pg-883-0\"  class=\"panel-grid panel-no-style\" ><div id=\"pgc-883-0-0\"  class=\"panel-grid-cell\" ><div id=\"panel-883-0-0-0\" class=\"so-panel widget widget_sow-editor panel-first-child panel-last-child\" data-index=\"0\" ><div\n\t\t\t\n\t\t\tclass=\"so-widget-sow-editor so-widget-sow-editor-base\"\n\t\t\t\n\t\t>\n<div class=\"siteorigin-widget-tinymce textwidget\">\n\t<div class=\"wpb_text_column wpb_content_element \">\n<div class=\"wpb_wrapper\">\n<p>&nbsp;<\/p>\n<\/div>\n<\/div>\n<div class=\"wpb_text_column wpb_content_element \">\n<div class=\"wpb_wrapper\">\n<p><strong><img loading=\"lazy\" decoding=\"async\" class=\"size-medium wp-image-884 alignleft\" src=\"http:\/\/fredericmaupome.fr\/wp-content\/uploads\/2021\/04\/Supers5_couv_OK_RVB_250-218x300.jpg\" alt=\"\" width=\"218\" height=\"300\" \/>Sc\u00e9nariste : <a href=\"http:\/\/editionsdelagouttiere.com\/frederic-maupome\/\">Fr\u00e9d\u00e9ric Maupom\u00e9<\/a><\/strong><br \/>\n<strong>Dessinateur :<\/strong>\u00a0<strong><a href=\"http:\/\/editionsdelagouttiere.com\/dawid\/\">\u00a0Dawid<\/a><\/strong><strong><br \/>\n<\/strong>Date de parution : 27 septembre 2019<br \/>\nFormat :\u00a0 17,5 x 23,9 cm<br \/>\n160 pages<br \/>\n18\u20ac<br \/>\n979-10-92111-97-2<\/p>\n<\/div>\n<\/div>\n<hr class=\"vcex-spacing \" \/>\n<div class=\"wpb_text_column wpb_content_element \">\n<div class=\"wpb_wrapper\">\n<p>Benji a enfin retrouv\u00e9 son fr\u00e8re et sa soeur\u2026\u00a0Hant\u00e9 par de nombreux cauchemars, il a\u00a0d\u00e9sormais du mal \u00e0 accorder de nouveau sa\u00a0confiance, surtout aux humains. Pourtant les\u00a0pouvoirs de la fratrie seraient bien utiles car\u00a0d\u2019\u00e9tranges ph\u00e9nom\u00e8nes se produisent en ville.\u00a0Serait-ce li\u00e9 au retour sur Terre des parents,\u00a0bien d\u00e9cid\u00e9s \u00e0 r\u00e9unir leur famille ?<\/p>\n<\/div>\n<\/div>\n<\/div>\n<\/div><\/div><\/div><div id=\"pgc-883-0-1\"  class=\"panel-grid-cell\" ><div id=\"panel-883-0-1-0\" class=\"so-panel widget widget_sow-editor panel-first-child panel-last-child\" data-index=\"1\" ><div\n\t\t\t\n\t\t\tclass=\"so-widget-sow-editor so-widget-sow-editor-base\"\n\t\t\t\n\t\t>\n<div class=\"siteorigin-widget-tinymce textwidget\">\n\t<p>\u00ab Tout tient \u00e0 merveille quant \u00e0 l\u2019histoire. Aucun hic, aucun faux pas, du r\u00e9gal du d\u00e9but \u00e0 la fin. Le dessin est parfait et la palette de couleurs est parfaite en ce qu\u2019elle accompagne bien chaque ambiance. \u00bb\u00a0<a href=\"https:\/\/www.milleetunefrasques.fr\/retrouvailles-supers-t-5-maupome-dawid\/\"><strong>Stephie sur le blog Mille et une frasques<\/strong><\/a><\/p>\n<p>\u00ab Orchestr\u00e9 de main de ma\u00eetre par Fr\u00e9d\u00e9ric Maupom\u00e9 et superbement mis en image par le trait souple et formidablement \u00e9nergique de Dawid, le r\u00e9cit choral de Retrouvailles s\u2019av\u00e8re parfaitement ma\u00eetris\u00e9, faisant na\u00eetre ce d\u00e9licieux sentiment d\u2019urgence qui fait qu\u2019on ne peut reposer l\u2019album avant de l\u2019avoir achev\u00e9\u2026 \u00bb\u00a0<a href=\"https:\/\/www.bdfugue.com\/supers-tome-5-retrouvailles\"><strong>Le Korrigan, libraire aux Sentiers de l\u2019imaginaire, sur BDFugue<\/strong><\/a><\/p>\n<p>\u00ab Maupom\u00e9 apporte une conclusion fine \u00e0 l\u2019histoire de ces trois enfants extraterrestres laiss\u00e9s sur Terre par leurs parents. Ses r\u00e9solutions de r\u00e9cit s\u2019av\u00e8rent parfaitement inattendues et d\u00e9pourvues de manich\u00e9isme. Comme elles sont men\u00e9es tambour battant, autant dire qu\u2019aucun lecteur ne pourra se sentir flou\u00e9. \u00bb<strong>\u00a0<a href=\"https:\/\/zoolemag.com\/actualites\/articles\/2019\/10\/921-super-automne-pour-la-gouttiere\">Yanek Chareyre pour Zoolemag<\/a><\/strong><\/p>\n<p>\u00ab Une s\u00e9rie de qualit\u00e9 dont il serait dommage de passer \u00e0 c\u00f4t\u00e9 et qui peut se partager. \u00bb\u00a0<a href=\"https:\/\/22h05ruedesdames.com\/2020\/01\/15\/supers-tome-5-retrouvailles-frederic-maupome-et-dawid\/\"><strong>Noctenbule sur le blog 22h05 rue des dames<\/strong><\/a><\/p>\n<p>\u00ab Le dessin de Dawid est toujours aussi l\u00e9ger et vif, et la mise en couleurs particuli\u00e8rement r\u00e9ussie. De quoi parachever la r\u00e9ussite de cette saga, dont on peut aussi prolonger l\u2019univers sur facebook. \u00bb\u00a0<a href=\"https:\/\/lecourrierplus.fr\/bulles-picardes\/retrouvailles-tendus-chez-les-supers\/\"><strong>Daniel Muraz pour Le Courrier plus<\/strong><\/a><\/p>\n<\/div>\n<\/div><\/div><\/div><\/div><\/div>","protected":false},"excerpt":{"rendered":"<p>&nbsp; Sc\u00e9nariste : Fr\u00e9d\u00e9ric Maupom\u00e9 Dessinateur :\u00a0\u00a0Dawid Date de parution : 27 septembre 2019 Format :\u00a0 17,5 x 23,9 cm 160 pages 18\u20ac 979-10-92111-97-2 Benji a enfin retrouv\u00e9 son fr\u00e8re et sa soeur\u2026\u00a0Hant\u00e9 par de nombreux cauchemars, il a\u00a0d\u00e9sormais du mal \u00e0 accorder de nouveau sa\u00a0confiance, surtout aux humains. Pourtant les\u00a0pouvoirs de la fratrie seraient [&hellip;]<\/p>\n","protected":false},"author":1,"featured_media":0,"parent":0,"menu_order":0,"comment_status":"closed","ping_status":"closed","template":"","meta":{"footnotes":""},"class_list":["post-883","page","type-page","status-publish","hentry","post"],"_links":{"self":[{"href":"https:\/\/fredericmaupome.fr\/index.php?rest_route=\/wp\/v2\/pages\/883","targetHints":{"allow":["GET"]}}],"collection":[{"href":"https:\/\/fredericmaupome.fr\/index.php?rest_route=\/wp\/v2\/pages"}],"about":[{"href":"https:\/\/fredericmaupome.fr\/index.php?rest_route=\/wp\/v2\/types\/page"}],"author":[{"embeddable":true,"href":"https:\/\/fredericmaupome.fr\/index.php?rest_route=\/wp\/v2\/users\/1"}],"replies":[{"embeddable":true,"href":"https:\/\/fredericmaupome.fr\/index.php?rest_route=%2Fwp%2Fv2%2Fcomments&post=883"}],"version-history":[{"count":0,"href":"https:\/\/fredericmaupome.fr\/index.php?rest_route=\/wp\/v2\/pages\/883\/revisions"}],"wp:attachment":[{"href":"https:\/\/fredericmaupome.fr\/index.php?rest_route=%2Fwp%2Fv2%2Fmedia&parent=883"}],"curies":[{"name":"wp","href":"https:\/\/api.w.org\/{rel}","templated":true}]}}