{"id":880,"date":"2021-04-06T15:56:19","date_gmt":"2021-04-06T13:56:19","guid":{"rendered":"http:\/\/fredericmaupome.fr\/?page_id=880"},"modified":"2021-04-06T15:56:19","modified_gmt":"2021-04-06T13:56:19","slug":"sixtine-t-3-le-salut-du-pirate","status":"publish","type":"page","link":"https:\/\/fredericmaupome.fr\/?page_id=880","title":{"rendered":"Sixtine T.3 : Le salut du pirate"},"content":{"rendered":"<div id=\"pl-880\"  class=\"panel-layout\" ><div id=\"pg-880-0\"  class=\"panel-grid panel-no-style\" ><div id=\"pgc-880-0-0\"  class=\"panel-grid-cell\" ><div id=\"panel-880-0-0-0\" class=\"so-panel widget widget_sow-editor panel-first-child panel-last-child\" data-index=\"0\" ><div\n\t\t\t\n\t\t\tclass=\"so-widget-sow-editor so-widget-sow-editor-base\"\n\t\t\t\n\t\t>\n<div class=\"siteorigin-widget-tinymce textwidget\">\n\t<div class=\"wpb_text_column wpb_content_element \">\n<div class=\"wpb_wrapper\">\n<p>&nbsp;<\/p>\n<\/div>\n<\/div>\n<div class=\"wpb_text_column wpb_content_element \">\n<div class=\"wpb_wrapper\">\n<p><strong><img loading=\"lazy\" decoding=\"async\" class=\"size-medium wp-image-881 alignleft\" src=\"http:\/\/fredericmaupome.fr\/wp-content\/uploads\/2021\/04\/Sixtine3_couverture-RVB-e1587647152709_250-227x300.jpg\" alt=\"\" width=\"227\" height=\"300\" \/>sc\u00e9nario :<\/strong>\u00a0<a href=\"http:\/\/editionsdelagouttiere.com\/frederic-maupome\/\"><strong>Fr\u00e9d\u00e9ric Maupom\u00e9<\/strong><\/a><strong><br \/>\ndessin :<\/strong>\u00a0<strong><a href=\"http:\/\/editionsdelagouttiere.com\/aude-soheilhac\/\">Aude Soleilhac<br \/>\n<\/a><\/strong><em>Coinc\u00e9e dans la pi\u00e8ce secr\u00e8te de son p\u00e8re, Sixtine\u00a0d\u00e9couvre le monde des ombres, accompagn\u00e9e de\u00a0ses amis, Martin et Sophie. Mais la jeune fille est\u00a0surtout concentr\u00e9e sur les secrets qui se d\u00e9voilent\u00a0\u00e0 elle\u2026 Elle comprend que les pirates lui ont cach\u00e9\u00a0beaucoup de choses. En col\u00e8re, elle ne veut plus\u00a0les voir et, petit \u00e0 petit, s\u2019isole.<\/em><\/p>\n<\/div>\n<\/div>\n<\/div>\n<\/div><\/div><\/div><div id=\"pgc-880-0-1\"  class=\"panel-grid-cell\" ><div id=\"panel-880-0-1-0\" class=\"so-panel widget widget_sow-editor panel-first-child panel-last-child\" data-index=\"1\" ><div\n\t\t\t\n\t\t\tclass=\"so-widget-sow-editor so-widget-sow-editor-base\"\n\t\t\t\n\t\t>\n<div class=\"siteorigin-widget-tinymce textwidget\">\n\t<p><strong>Culture BD<\/strong><\/p>\n<p>\u00ab La nouvelle s\u00e9rie de <a href=\"https:\/\/culturebd.com\/auteurs\/10362-frederic-maupome\">Fr\u00e9d\u00e9ric Maupom\u00e9<\/a> tonne comme un boulet de canon. Les aventures de Sixtine sont diablement bien fichues, emport\u00e9es par des vagues de rebondissements et des houles de moments touchants.\u00a0\u00bb<\/p>\n<\/div>\n<\/div><\/div><\/div><\/div><\/div>","protected":false},"excerpt":{"rendered":"<p>&nbsp; sc\u00e9nario :\u00a0Fr\u00e9d\u00e9ric Maupom\u00e9 dessin :\u00a0Aude Soleilhac Coinc\u00e9e dans la pi\u00e8ce secr\u00e8te de son p\u00e8re, Sixtine\u00a0d\u00e9couvre le monde des ombres, accompagn\u00e9e de\u00a0ses amis, Martin et Sophie. Mais la jeune fille est\u00a0surtout concentr\u00e9e sur les secrets qui se d\u00e9voilent\u00a0\u00e0 elle\u2026 Elle comprend que les pirates lui ont cach\u00e9\u00a0beaucoup de choses. En col\u00e8re, elle ne veut plus\u00a0les [&hellip;]<\/p>\n","protected":false},"author":1,"featured_media":0,"parent":0,"menu_order":0,"comment_status":"closed","ping_status":"closed","template":"","meta":{"footnotes":""},"class_list":["post-880","page","type-page","status-publish","hentry","post"],"_links":{"self":[{"href":"https:\/\/fredericmaupome.fr\/index.php?rest_route=\/wp\/v2\/pages\/880","targetHints":{"allow":["GET"]}}],"collection":[{"href":"https:\/\/fredericmaupome.fr\/index.php?rest_route=\/wp\/v2\/pages"}],"about":[{"href":"https:\/\/fredericmaupome.fr\/index.php?rest_route=\/wp\/v2\/types\/page"}],"author":[{"embeddable":true,"href":"https:\/\/fredericmaupome.fr\/index.php?rest_route=\/wp\/v2\/users\/1"}],"replies":[{"embeddable":true,"href":"https:\/\/fredericmaupome.fr\/index.php?rest_route=%2Fwp%2Fv2%2Fcomments&post=880"}],"version-history":[{"count":0,"href":"https:\/\/fredericmaupome.fr\/index.php?rest_route=\/wp\/v2\/pages\/880\/revisions"}],"wp:attachment":[{"href":"https:\/\/fredericmaupome.fr\/index.php?rest_route=%2Fwp%2Fv2%2Fmedia&parent=880"}],"curies":[{"name":"wp","href":"https:\/\/api.w.org\/{rel}","templated":true}]}}