{"id":646,"date":"2016-09-27T15:32:32","date_gmt":"2016-09-27T13:32:32","guid":{"rendered":"http:\/\/fredericmaupome.fr\/?page_id=646"},"modified":"2016-09-27T15:32:32","modified_gmt":"2016-09-27T13:32:32","slug":"je-suis-le-cauchemar","status":"publish","type":"page","link":"https:\/\/fredericmaupome.fr\/?page_id=646","title":{"rendered":"Je suis le cauchemar !"},"content":{"rendered":"<div id=\"pl-646\"  class=\"panel-layout\" ><div id=\"pg-646-0\"  class=\"panel-grid panel-no-style\" ><div id=\"pgc-646-0-0\"  class=\"panel-grid-cell\" ><div id=\"panel-646-0-0-0\" class=\"so-panel widget widget_sow-editor panel-first-child\" data-index=\"0\" ><div\n\t\t\t\n\t\t\tclass=\"so-widget-sow-editor so-widget-sow-editor-base\"\n\t\t\t\n\t\t>\n<div class=\"siteorigin-widget-tinymce textwidget\">\n\t<p><em><img loading=\"lazy\" decoding=\"async\" class=\"size-full wp-image-633 alignleft\" src=\"http:\/\/fredericmaupome.fr\/wp-content\/uploads\/2016\/09\/Cauchemar-petit.jpg\" alt=\"cauchemar-petit\" width=\"150\" height=\"178\" \/>Illustration Laure du Fay, \u00e9ditions Flammarion Jeunesse<\/em><\/p>\n<p>Je suis le cauchemar est une histoire pour les tout petits, \u00e9crite \u00e0 la premi\u00e8re personne, elle pr\u00e9sente un cauchemar bien d\u00e9cid\u00e9 \u00e0 d\u00e9vorer les enfants. Heureusement que les parents sont l\u00e0 !<\/p>\n<\/div>\n<\/div><\/div><div id=\"panel-646-0-0-1\" class=\"so-panel widget widget_metaslider_widget panel-last-child\" data-index=\"1\" ><!-- MetaSlider 648 not found --><\/div><\/div><div id=\"pgc-646-0-1\"  class=\"panel-grid-cell\" ><div id=\"panel-646-0-1-0\" class=\"so-panel widget widget_sow-editor panel-first-child panel-last-child\" data-index=\"2\" ><div\n\t\t\t\n\t\t\tclass=\"so-widget-sow-editor so-widget-sow-editor-base\"\n\t\t\t\n\t\t>\n<div class=\"siteorigin-widget-tinymce textwidget\">\n\t<h1><em>Divers<\/em><\/h1>\n<p><strong>Je suis le cauchemar\u00a0<\/strong>s'est vu descerner le prix petite enfance du festival de litt\u00e9rature jeunesse de P\u00e9zenas<strong>\u00a02015<\/strong><\/p>\n<h1><em>Critiques<\/em><\/h1>\n<p>\"Tr\u00e8s bien \u00e9crit, quatre vers en rimes, le dernier qui revient : \u00ab Je suis le cauchemar ! \u00bb, de plus en plus fort, de plus en plus mena\u00e7ant, Je suis le cauchemar se pr\u00eate \u00e0 merveille \u00e0 la lecture \u00e0 voix haute : Rythm\u00e9, gagnant en intensit\u00e9, il fait monter la tension jusqu'\u00e0 son paroxysme cathartique [...] Le texte est d'une qualit\u00e9 rare dans ce qu'on trouve pour cette tranche d'\u00e2ge'\u00a0<strong>Tiroir \u00e0 histoire<\/strong><\/p>\n<p>\u00a0\"Le texte, tout en rimes et plein de malice, se pr\u00eate agr\u00e9ablement \u00e0 la lecture \u00e0 haute voix. Le dessin pr\u00e9sente quant \u00e0 lui une vraie signature graphique, originale et color\u00e9e.\"\u00a0<strong>Culture BD<\/strong><\/p>\n<p>\"Une histoire pleine d'humour pour faire partir les cauchemars\"\u00a0<strong>La mare aux mots<\/strong><\/p>\n<p>\"Une belle fa\u00e7on d'aborder ce sujet avec un jeune enfant et comprendre ses peurs nocturnes.\"\u00a0<strong>Une envie de Livres<\/strong><\/p>\n<p>\"Un r\u00e9cit qui monte en intensit\u00e9 au fil des pages. Les rimes permettent d'att\u00e9nuer le sentiment de mal-\u00eatre face \u00e0 cet horrible cauchemar. [...] En riant de ses peurs, l'enfant d\u00e9dramatise. Dans les bras rassurants de ses parents, il est confiant et rassur\u00e9.\"\u00a0<strong>Les enfants \u00e0 la page<\/strong><\/p>\n<\/div>\n<\/div><\/div><\/div><\/div><\/div>","protected":false},"excerpt":{"rendered":"<p>Illustration Laure du Fay, \u00e9ditions Flammarion JeunesseJe suis le cauchemar est une histoire pour les tout petits, \u00e9crite \u00e0 la premi\u00e8re personne, elle pr\u00e9sente un cauchemar bien d\u00e9cid\u00e9 \u00e0 d\u00e9vorer les enfants. Heureusement que les parents sont l\u00e0 ! DiversJe suis le cauchemar\u00a0s&rsquo;est vu descerner le prix petite enfance du festival de litt\u00e9rature jeunesse de [&hellip;]<\/p>\n","protected":false},"author":1,"featured_media":0,"parent":0,"menu_order":0,"comment_status":"closed","ping_status":"closed","template":"","meta":{"footnotes":""},"class_list":["post-646","page","type-page","status-publish","hentry","post"],"_links":{"self":[{"href":"https:\/\/fredericmaupome.fr\/index.php?rest_route=\/wp\/v2\/pages\/646","targetHints":{"allow":["GET"]}}],"collection":[{"href":"https:\/\/fredericmaupome.fr\/index.php?rest_route=\/wp\/v2\/pages"}],"about":[{"href":"https:\/\/fredericmaupome.fr\/index.php?rest_route=\/wp\/v2\/types\/page"}],"author":[{"embeddable":true,"href":"https:\/\/fredericmaupome.fr\/index.php?rest_route=\/wp\/v2\/users\/1"}],"replies":[{"embeddable":true,"href":"https:\/\/fredericmaupome.fr\/index.php?rest_route=%2Fwp%2Fv2%2Fcomments&post=646"}],"version-history":[{"count":0,"href":"https:\/\/fredericmaupome.fr\/index.php?rest_route=\/wp\/v2\/pages\/646\/revisions"}],"wp:attachment":[{"href":"https:\/\/fredericmaupome.fr\/index.php?rest_route=%2Fwp%2Fv2%2Fmedia&parent=646"}],"curies":[{"name":"wp","href":"https:\/\/api.w.org\/{rel}","templated":true}]}}