{"id":642,"date":"2016-09-27T15:26:22","date_gmt":"2016-09-27T13:26:22","guid":{"rendered":"http:\/\/fredericmaupome.fr\/?page_id=642"},"modified":"2016-09-27T15:26:22","modified_gmt":"2016-09-27T13:26:22","slug":"couleurs-surprises","status":"publish","type":"page","link":"https:\/\/fredericmaupome.fr\/?page_id=642","title":{"rendered":"Couleurs surprises"},"content":{"rendered":"<div id=\"pl-642\"  class=\"panel-layout\" ><div id=\"pg-642-0\"  class=\"panel-grid panel-no-style\" ><div id=\"pgc-642-0-0\"  class=\"panel-grid-cell\" ><div id=\"panel-642-0-0-0\" class=\"so-panel widget widget_sow-editor panel-first-child panel-last-child\" data-index=\"0\" ><div\n\t\t\t\n\t\t\tclass=\"so-widget-sow-editor so-widget-sow-editor-base\"\n\t\t\t\n\t\t>\n<div class=\"siteorigin-widget-tinymce textwidget\">\n\t<p><img loading=\"lazy\" decoding=\"async\" class=\"size-medium wp-image-635 alignleft\" src=\"http:\/\/fredericmaupome.fr\/wp-content\/uploads\/2016\/09\/9782092557464-287x300.jpg\" alt=\"9782092557464\" width=\"287\" height=\"300\" \/><\/p>\n<p>Album pour les tout-petits<\/p>\n<p>dessins de Laure du Fa\u00ff<\/p>\n<p><strong>\"Moi, ma couleur pr\u00e9f\u00e9r\u00e9e, c'est le VERT. Comme la grenouille et le n\u00e9nuphar, comme l'herbe, comme la salade\u2026 comme les coquelicots.<br \/> MAIS NON ! Les coquelicots sont ROUGES !\"<\/strong><\/p>\n<p>Chaque page pr\u00e9sente une couleur, en faisant l'inventaire des objets de cette couleur sous chaque flap. Mais un intrus s'est gliss\u00e9 parmi eux !<\/p>\n<\/div>\n<\/div><\/div><\/div><div id=\"pgc-642-0-1\"  class=\"panel-grid-cell\" ><div id=\"panel-642-0-1-0\" class=\"so-panel widget widget_sow-editor panel-first-child panel-last-child\" data-index=\"1\" ><div\n\t\t\t\n\t\t\tclass=\"so-widget-sow-editor so-widget-sow-editor-base\"\n\t\t\t\n\t\t>\n<div class=\"siteorigin-widget-tinymce textwidget\">\n\t<h1><em>Critiques<\/em><\/h1>\n<p>\u00ab\u00a0Couleurs surprises\u00a0permet de soulever des volets pour se faire surprendre et pour apprendre. On tente, on se trompe, on recommence ! Les trois albums sont illustr\u00e9s par le trait joyeux et color\u00e9 de Laure du Fa\u00ff et ce sont trois r\u00e9ussites \u00e0 glisser entre les doigts\u00a0d\u00e8s 2 ans\u00a0\u00bb\u00a0<strong>Enfantipages<\/strong><\/p>\n<p>\u00ab\u00a0Un petit livre qui rend curieux et donne envie de d\u00e9couvrir et d'observer le monde. Une jolie d\u00e9couverte.\u00a0\u00bb\u00a0<strong>Mya Books<\/strong><\/p>\n<p>\u00ab\u00a0Un livre plein de belles couleurs, qu'il est agr\u00e9able de regarder et que l'enfant prendra plaisir \u00e0 manipuler.\u00a0\u00bb\u00a0<strong>Lire en tout genre<\/strong><\/p>\n<\/div>\n<\/div><\/div><\/div><\/div><\/div>","protected":false},"excerpt":{"rendered":"<p>Album pour les tout-petitsdessins de Laure du Fa\u00ff\u00a0\u00bbMoi, ma couleur pr\u00e9f\u00e9r\u00e9e, c&rsquo;est le VERT. Comme la grenouille et le n\u00e9nuphar, comme l&rsquo;herbe, comme la salade\u2026 comme les coquelicots. MAIS NON ! Les coquelicots sont ROUGES !\u00a0\u00bbChaque page pr\u00e9sente une couleur, en faisant l&rsquo;inventaire des objets de cette couleur sous chaque flap. Mais un intrus s&rsquo;est [&hellip;]<\/p>\n","protected":false},"author":1,"featured_media":0,"parent":0,"menu_order":0,"comment_status":"closed","ping_status":"closed","template":"","meta":{"footnotes":""},"class_list":["post-642","page","type-page","status-publish","hentry","post"],"_links":{"self":[{"href":"https:\/\/fredericmaupome.fr\/index.php?rest_route=\/wp\/v2\/pages\/642","targetHints":{"allow":["GET"]}}],"collection":[{"href":"https:\/\/fredericmaupome.fr\/index.php?rest_route=\/wp\/v2\/pages"}],"about":[{"href":"https:\/\/fredericmaupome.fr\/index.php?rest_route=\/wp\/v2\/types\/page"}],"author":[{"embeddable":true,"href":"https:\/\/fredericmaupome.fr\/index.php?rest_route=\/wp\/v2\/users\/1"}],"replies":[{"embeddable":true,"href":"https:\/\/fredericmaupome.fr\/index.php?rest_route=%2Fwp%2Fv2%2Fcomments&post=642"}],"version-history":[{"count":0,"href":"https:\/\/fredericmaupome.fr\/index.php?rest_route=\/wp\/v2\/pages\/642\/revisions"}],"wp:attachment":[{"href":"https:\/\/fredericmaupome.fr\/index.php?rest_route=%2Fwp%2Fv2%2Fmedia&parent=642"}],"curies":[{"name":"wp","href":"https:\/\/api.w.org\/{rel}","templated":true}]}}