{"id":452,"date":"2016-09-27T09:21:04","date_gmt":"2016-09-27T07:21:04","guid":{"rendered":"http:\/\/fredericmaupome.fr\/?page_id=452"},"modified":"2016-09-27T09:21:04","modified_gmt":"2016-09-27T07:21:04","slug":"rencontres-2","status":"publish","type":"page","link":"https:\/\/fredericmaupome.fr\/?page_id=452","title":{"rendered":"Rencontres"},"content":{"rendered":"<div id=\"pl-452\"  class=\"panel-layout\" ><div id=\"pg-452-0\"  class=\"panel-grid panel-no-style\" ><div id=\"pgc-452-0-0\"  class=\"panel-grid-cell\" ><div id=\"panel-452-0-0-0\" class=\"so-panel widget widget_sow-editor panel-first-child panel-last-child\" data-index=\"0\" ><div\n\t\t\t\n\t\t\tclass=\"so-widget-sow-editor so-widget-sow-editor-base\"\n\t\t\t\n\t\t>\n<div class=\"siteorigin-widget-tinymce textwidget\">\n\t<p>J'interviens r\u00e9guli\u00e8rement en milieu scolaire et en m\u00e9diath\u00e8que. C'est l'occasion pour les enfants d'une rencontre avec un auteur (non, nous ne sommes pas tous morts !) enrichissante aussi bien pour eux que pour moi. La plupart des rencontres sont articul\u00e9es autour de mes ouvrages pr\u00e9alablement d\u00e9couverts en classe, elles sont l'occasion de r\u00e9pondre aux questions que se posent les enfants sur les livres eux-m\u00eames ou sur la vie d'un auteur, mais aussi d'aborder toutes les facettes de la cr\u00e9ation d'un livre, de l'id\u00e9e originale \u00e0 son arriv\u00e9e en librairie. Des points plus sp\u00e9cifiques peuvent \u00eatre \u00e9galement abord\u00e9s avec un public plus \u00e2g\u00e9 (sur un festival par exemple) et je peux alors axer mon intervention sur la technique du sc\u00e9nario et de l'\u00e9criture, ou, dans le cas d'un projet long, animer un atelier d'\u00e9criture ou une activit\u00e9 d'\u00e9criture commune.<\/p>\n<p>Je suis signataire\u00a0de la charte des auteurs et illustrateurs, ma r\u00e9mun\u00e9ration est celle pr\u00e9conis\u00e9e par notre association. Vous trouverez tous les d\u00e9tails\u00a0<a href=\"http:\/\/www.la-charte.fr\/rencontres\/tarifs.html\">ici<\/a>.<\/p>\n<\/div>\n<\/div><\/div><\/div><\/div><div id=\"pg-452-1\"  class=\"panel-grid panel-no-style\" ><div id=\"pgc-452-1-0\"  class=\"panel-grid-cell\" ><div id=\"panel-452-1-0-0\" class=\"so-panel widget widget_sow-slider panel-first-child panel-last-child\" data-index=\"1\" ><div\n\t\t\t\n\t\t\tclass=\"so-widget-sow-slider so-widget-sow-slider-default-6d39609536fd-452\"\n\t\t\t\n\t\t>\t\t\t\t<div class=\"sow-slider-base\" style=\"display: none\" tabindex=\"0\">\n\t\t\t\t\t<ul\n\t\t\t\t\tclass=\"sow-slider-images\"\n\t\t\t\t\tdata-settings=\"{&quot;pagination&quot;:true,&quot;speed&quot;:800,&quot;timeout&quot;:8000,&quot;paused&quot;:false,&quot;pause_on_hover&quot;:false,&quot;swipe&quot;:true,&quot;nav_always_show_desktop&quot;:&quot;&quot;,&quot;nav_always_show_mobile&quot;:&quot;&quot;,&quot;breakpoint&quot;:&quot;780px&quot;,&quot;unmute&quot;:false,&quot;anchor&quot;:null}\"\n\t\t\t\t\t\t\t\t\t\tdata-anchor-id=\"\"\n\t\t\t\t><\/ul>\t\t\t\t<ol class=\"sow-slider-pagination\">\n\t\t\t\t\t\t\t\t\t<\/ol>\n\n\t\t\t\t<div class=\"sow-slide-nav sow-slide-nav-next\">\n\t\t\t\t\t<a href=\"#\" data-goto=\"next\" aria-label=\"Next slide\" data-action=\"next\">\n\t\t\t\t\t\t<em class=\"sow-sld-icon-thin-right\"><\/em>\n\t\t\t\t\t<\/a>\n\t\t\t\t<\/div>\n\n\t\t\t\t<div class=\"sow-slide-nav sow-slide-nav-prev\">\n\t\t\t\t\t<a href=\"#\" data-goto=\"previous\" aria-label=\"Previous slide\" data-action=\"prev\">\n\t\t\t\t\t\t<em class=\"sow-sld-icon-thin-left\"><\/em>\n\t\t\t\t\t<\/a>\n\t\t\t\t<\/div>\n\t\t\t\t<\/div><\/div><\/div><\/div><\/div><div id=\"pg-452-2\"  class=\"panel-grid panel-no-style\" ><div id=\"pgc-452-2-0\"  class=\"panel-grid-cell\" ><\/div><\/div><\/div>","protected":false},"excerpt":{"rendered":"<p>J&rsquo;interviens r\u00e9guli\u00e8rement en milieu scolaire et en m\u00e9diath\u00e8que. C&rsquo;est l&rsquo;occasion pour les enfants d&rsquo;une rencontre avec un auteur (non, nous ne sommes pas tous morts !) enrichissante aussi bien pour eux que pour moi. La plupart des rencontres sont articul\u00e9es autour de mes ouvrages pr\u00e9alablement d\u00e9couverts en classe, elles sont l&rsquo;occasion de r\u00e9pondre aux questions [&hellip;]<\/p>\n","protected":false},"author":1,"featured_media":0,"parent":0,"menu_order":0,"comment_status":"closed","ping_status":"closed","template":"","meta":{"footnotes":""},"class_list":["post-452","page","type-page","status-publish","hentry","post"],"_links":{"self":[{"href":"https:\/\/fredericmaupome.fr\/index.php?rest_route=\/wp\/v2\/pages\/452","targetHints":{"allow":["GET"]}}],"collection":[{"href":"https:\/\/fredericmaupome.fr\/index.php?rest_route=\/wp\/v2\/pages"}],"about":[{"href":"https:\/\/fredericmaupome.fr\/index.php?rest_route=\/wp\/v2\/types\/page"}],"author":[{"embeddable":true,"href":"https:\/\/fredericmaupome.fr\/index.php?rest_route=\/wp\/v2\/users\/1"}],"replies":[{"embeddable":true,"href":"https:\/\/fredericmaupome.fr\/index.php?rest_route=%2Fwp%2Fv2%2Fcomments&post=452"}],"version-history":[{"count":0,"href":"https:\/\/fredericmaupome.fr\/index.php?rest_route=\/wp\/v2\/pages\/452\/revisions"}],"wp:attachment":[{"href":"https:\/\/fredericmaupome.fr\/index.php?rest_route=%2Fwp%2Fv2%2Fmedia&parent=452"}],"curies":[{"name":"wp","href":"https:\/\/api.w.org\/{rel}","templated":true}]}}