{"id":19,"date":"2016-09-26T15:08:19","date_gmt":"2016-09-26T13:08:19","guid":{"rendered":"http:\/\/fredericmaupome.fr\/?page_id=19"},"modified":"2016-09-26T15:08:19","modified_gmt":"2016-09-26T13:08:19","slug":"a-dada-sur-mon-bidet","status":"publish","type":"page","link":"https:\/\/fredericmaupome.fr\/?page_id=19","title":{"rendered":"A dada sur mon bidet"},"content":{"rendered":"<div id=\"pl-19\"  class=\"panel-layout\" ><div id=\"pg-19-0\"  class=\"panel-grid panel-no-style\" ><div id=\"pgc-19-0-0\"  class=\"panel-grid-cell\" ><div id=\"panel-19-0-0-0\" class=\"so-panel widget widget_sow-editor panel-first-child\" data-index=\"0\" ><div\n\t\t\t\n\t\t\tclass=\"so-widget-sow-editor so-widget-sow-editor-base\"\n\t\t\t\n\t\t>\n<div class=\"siteorigin-widget-tinymce textwidget\">\n\t<p>\u00a0<\/p>\n<p>\u00a0<\/p>\n<p><img loading=\"lazy\" decoding=\"async\" class=\"size-medium wp-image-585 alignleft\" src=\"http:\/\/fredericmaupome.fr\/wp-content\/uploads\/2016\/09\/1540-1-1-300x300.jpg\" alt=\"1540-1\" width=\"300\" height=\"300\" \/> \u00a0\u00a0\u00a0Mesdames, messieurs, bonjour, bienvenue \u00e0 bord de cet ouvrage. Pour profiter au mieux de la lecture de \"\u00e0 dada sur mon bidet\", vous aurez besoin de ce livre, d'un enfant, d'au moins un genou et il serait judicieux de : ne pas utiliser ce livre apr\u00e8s le repas, \u00e9viter les plafonds trop bas, ou mieux, utiliser la ceinture de s\u00e9curit\u00e9 (en option).<\/p>\n<\/div>\n<\/div><\/div><div id=\"panel-19-0-0-1\" class=\"so-panel widget widget_metaslider_widget panel-last-child\" data-index=\"1\" ><!-- MetaSlider 591 not found --><\/div><\/div><div id=\"pgc-19-0-1\"  class=\"panel-grid-cell\" ><div id=\"panel-19-0-1-0\" class=\"so-panel widget widget_sow-editor panel-first-child panel-last-child\" data-index=\"2\" ><div\n\t\t\t\n\t\t\tclass=\"so-widget-sow-editor so-widget-sow-editor-base\"\n\t\t\t\n\t\t>\n<div class=\"siteorigin-widget-tinymce textwidget\">\n\t<h1><em>Critiques<\/em><\/h1>\n<p>\"[...]Maupom\u00e9 et S\u00e9n\u00e9gas ont donc repris \u00e0 leur compte ce succ\u00e8s interplan\u00e9taire, mais \u00e0 leur sauce \u2026 Et c\u2019est d\u2019un dr\u00f4le !!!! Tout est bon dans ce petit album hilarant, le texte bien s\u00fbr, agr\u00e9ment\u00e9 de petits apart\u00e9s rigolos, mais aussi le dessin truff\u00e9 de d\u00e9tails eux aussi irr\u00e9sistibles. A dada sur mon bidet a encore un bel avenir et je sens que cet album va lui donner ses lettres de noblesse et un nouveau regain de popularit\u00e9 ! Excellent !\"\u00a0<strong>Parall\u00e8le(s)<\/strong><\/p>\n<p>Un album qui sent bon l'enfance, avec, au centre, la recherche de la complicit\u00e9 entre l'enfant et le lecteur [...]\u00a0Une tr\u00e8s belle r\u00e9actualisation de cette comptine \u00e0 d\u00e9couvrir !\u00a0<strong>Nouveaut\u00e9-Jeunesse.com<\/strong><\/p>\n<p>Le Livre est tr\u00e8s tr\u00e8s dr\u00f4le pour tout le monde !\u00a0<strong>Plumes de Brigands<\/strong><\/p>\n<p>\u00a0Un moment d'anthologie [...] on ne boude pas son plaisir.\u00a0Je vous mets au d\u00e9fi de pouvoir terminer la comptine en chantant de mani\u00e8re intelligible tant on se bidonne devant cette r\u00e9-interpr\u00e9tation !\u00a0<strong>Meli Melo de Livres<\/strong><\/p>\n<p>Hilarant !\u00a0<strong>BBB's<\/strong><\/p>\n<p>rires garantis pour grands et petits !\u00a0<strong>Les enfants \u00e0 la page<\/strong><\/p>\n<p>\u00e0 chanter sans retenue pour rire avec les metits\u00a0<strong>M\u00e9diath\u00e8que d\u00e9partementale du Doubs<\/strong><\/p>\n<\/div>\n<\/div><\/div><\/div><\/div><\/div>","protected":false},"excerpt":{"rendered":"<p>\u00a0\u00a0 \u00a0\u00a0\u00a0Mesdames, messieurs, bonjour, bienvenue \u00e0 bord de cet ouvrage. Pour profiter au mieux de la lecture de \u00ab\u00a0\u00e0 dada sur mon bidet\u00a0\u00bb, vous aurez besoin de ce livre, d&rsquo;un enfant, d&rsquo;au moins un genou et il serait judicieux de : ne pas utiliser ce livre apr\u00e8s le repas, \u00e9viter les plafonds trop bas, ou [&hellip;]<\/p>\n","protected":false},"author":1,"featured_media":0,"parent":0,"menu_order":0,"comment_status":"closed","ping_status":"closed","template":"","meta":{"footnotes":""},"class_list":["post-19","page","type-page","status-publish","hentry","post"],"_links":{"self":[{"href":"https:\/\/fredericmaupome.fr\/index.php?rest_route=\/wp\/v2\/pages\/19","targetHints":{"allow":["GET"]}}],"collection":[{"href":"https:\/\/fredericmaupome.fr\/index.php?rest_route=\/wp\/v2\/pages"}],"about":[{"href":"https:\/\/fredericmaupome.fr\/index.php?rest_route=\/wp\/v2\/types\/page"}],"author":[{"embeddable":true,"href":"https:\/\/fredericmaupome.fr\/index.php?rest_route=\/wp\/v2\/users\/1"}],"replies":[{"embeddable":true,"href":"https:\/\/fredericmaupome.fr\/index.php?rest_route=%2Fwp%2Fv2%2Fcomments&post=19"}],"version-history":[{"count":0,"href":"https:\/\/fredericmaupome.fr\/index.php?rest_route=\/wp\/v2\/pages\/19\/revisions"}],"wp:attachment":[{"href":"https:\/\/fredericmaupome.fr\/index.php?rest_route=%2Fwp%2Fv2%2Fmedia&parent=19"}],"curies":[{"name":"wp","href":"https:\/\/api.w.org\/{rel}","templated":true}]}}